{"id":109,"date":"2016-09-22T10:00:33","date_gmt":"2016-09-22T08:00:33","guid":{"rendered":"http:\/\/sinfonia-baden.ch\/wp_index.php\/?page_id=109"},"modified":"2025-09-03T18:10:16","modified_gmt":"2025-09-03T16:10:16","slug":"firmensponsoring","status":"publish","type":"page","link":"https:\/\/sinfonia-baden.ch\/?page_id=109","title":{"rendered":"Firmensponsoring"},"content":{"rendered":"<p>Es w\u00fcrde uns freuen, mit Ihnen in einem pers\u00f6nlichen Gespr\u00e4ch die interessanten M\u00f6glichkeiten einer erfolgreichen und beidseitig gewinnbringenden Sponsoren-Partnerschaft zu besprechen.<br \/>\nGerne stellen wir Ihnen die Sinfonia Baden vor: unsere aktuellen Marketing- und Werbeinstrumente sowie m\u00f6gliche Sponsorings und Sponsorenleistungen, die wir gerne mit Ihnen entsprechend den Bed\u00fcrfnissen und M\u00f6glichkeiten Ihres Unternehmens evaluieren m\u00f6chten.<\/p>\n<h3>Sponsoring einer Konzertsaison<\/h3>\n<div class=\"page\" title=\"Page 1\">\n<div class=\"layoutArea\">\n<div class=\"column\">\n<p><strong>Sponsor-Paket \u00abAndante\u00bb, CHF 300.-<\/strong><\/p>\n<p>Wir erwa\u0308hnen Sie als Sponsor auf unseren Drucksachen, in der Festschrift und im Internet auf unserer Sponsoringseite.<\/p>\n<p><strong>Sponsor-Paket \u00abAllegro\u00bb, CHF 600.-<\/strong><\/p>\n<p>Leistungen wie Andante, zusa\u0308tzlich erhalten Sie die Mo\u0308glichkeit, auf einem unserer Konzert-Tickets Ihre Werbung zu platzieren.<\/p>\n<p><strong>Sponsor-Paket \u00abVivace\u00bb, CHF 1000.-<\/strong><\/p>\n<p>Leistungen wie Allegro; zusa\u0308tzlich erhalten Sie zwei Freibillette fu\u0308r eines unserer Konzerte und die Mo\u0308glichkeit, auf unseren Konzert-Tickets Ihre Werbung zu platzieren.<\/p>\n<p><strong>Weitere Unterstu\u0308tzung<\/strong><\/p>\n<p>Die Sinfonia Baden freut sich u\u0308ber alle Beitra\u0308ge auf ihr Konto: Sinfonia Baden, 5400 Baden, IBAN CH89 0900 0000 5000 4993 7<\/p>\n<p><strong>Kontakt:<\/strong><\/p>\n<p>E-Mail: sponsoring@sinfonia-baden.ch<\/p>\n<\/div>\n<\/div>\n<\/div>\n<p>Kontaktperson: Marianne Rey, Orchestermitglied<\/p>\n<p>Geben Sie dabei gern eine Telefonnummer an, wir freuen uns \u00fcber einen pers\u00f6nlichen Austausch mit Ihnen.<\/p>\n","protected":false},"excerpt":{"rendered":"<p>Es w\u00fcrde uns freuen, mit Ihnen in einem pers\u00f6nlichen Gespr\u00e4ch die interessanten M\u00f6glichkeiten einer erfolgreichen und beidseitig gewinnbringenden Sponsoren-Partnerschaft zu besprechen. Gerne stellen wir Ihnen die Sinfonia Baden vor: unsere aktuellen Marketing- und Werbeinstrumente sowie m\u00f6gliche Sponsorings und Sponsorenleistungen, die <a class=\"more-link\" href=\"https:\/\/sinfonia-baden.ch\/?page_id=109\">weiterlesen&#8230;<\/a><\/p>\n","protected":false},"author":9,"featured_media":0,"parent":2990,"menu_order":2,"comment_status":"closed","ping_status":"closed","template":"","meta":{"footnotes":""},"class_list":["post-109","page","type-page","status-publish","hentry"],"_links":{"self":[{"href":"https:\/\/sinfonia-baden.ch\/index.php?rest_route=\/wp\/v2\/pages\/109","targetHints":{"allow":["GET"]}}],"collection":[{"href":"https:\/\/sinfonia-baden.ch\/index.php?rest_route=\/wp\/v2\/pages"}],"about":[{"href":"https:\/\/sinfonia-baden.ch\/index.php?rest_route=\/wp\/v2\/types\/page"}],"author":[{"embeddable":true,"href":"https:\/\/sinfonia-baden.ch\/index.php?rest_route=\/wp\/v2\/users\/9"}],"replies":[{"embeddable":true,"href":"https:\/\/sinfonia-baden.ch\/index.php?rest_route=%2Fwp%2Fv2%2Fcomments&post=109"}],"version-history":[{"count":24,"href":"https:\/\/sinfonia-baden.ch\/index.php?rest_route=\/wp\/v2\/pages\/109\/revisions"}],"predecessor-version":[{"id":3277,"href":"https:\/\/sinfonia-baden.ch\/index.php?rest_route=\/wp\/v2\/pages\/109\/revisions\/3277"}],"up":[{"embeddable":true,"href":"https:\/\/sinfonia-baden.ch\/index.php?rest_route=\/wp\/v2\/pages\/2990"}],"wp:attachment":[{"href":"https:\/\/sinfonia-baden.ch\/index.php?rest_route=%2Fwp%2Fv2%2Fmedia&parent=109"}],"curies":[{"name":"wp","href":"https:\/\/api.w.org\/{rel}","templated":true}]}}