{"id":168,"date":"2016-09-22T14:28:02","date_gmt":"2016-09-22T12:28:02","guid":{"rendered":"http:\/\/sinfonia-baden.ch\/wp_index.php\/?page_id=168"},"modified":"2023-11-15T19:20:17","modified_gmt":"2023-11-15T18:20:17","slug":"echo","status":"publish","type":"page","link":"https:\/\/sinfonia-baden.ch\/?page_id=168","title":{"rendered":"Echo"},"content":{"rendered":"<h2>Unser Echo in der Presse<\/h2>\n<h3>2023\/24<\/h3>\n<p><strong>Eine Liebeserkl\u00e4rung an Skandinavien<\/strong><br \/>\nDie Sinfonia Baden stellt die Saison 2023\/24 unter das Motto &#8222;Scandinavia&#8220;. Der Auftakt im Kurtheater war eine runde Sache.<br \/>\n<a href=\"https:\/\/sinfonia-baden.ch\/wp-content\/uploads\/2023\/11\/BT_Konzertkritik_2023_11_12.png\" target=\"_blank\" rel=\"noopener\">Konzertbetrachtung Badener Tagblatt 14.11.2023<\/a><\/p>\n<h3>2021\/22<\/h3>\n<p><strong>Ein Violinkonzert f\u00fcr die Badener:<\/strong><br \/>\nGeigerin Fr\u00e4nzi Frick aus Ennetbaden spielt mit der Sinfonia Baden das Violinkonzert von Robert Blum, der lange in der Region wirkte.<br \/>\n<a href=\"https:\/\/sinfonia-baden.ch\/wp-content\/uploads\/2022\/03\/Vorschau_Badener_Tagblatt_2022-03-11_P27.pdf\" target=\"_blank\" rel=\"noopener\">Konzertvorschau Badener Tagblatt 11.3.22\u00a0<\/a><\/p>\n<p><strong>Blumige Phantastereien:<\/strong> <a href=\"https:\/\/sinfonia-baden.ch\/wp-content\/uploads\/2022\/03\/AAKU_53_Maerz_22_Blumige-Phantastereien.pdf\" target=\"_blank\" rel=\"noopener\">Konzerthinweis Aargauer Kulturmagazin AAKU, Ausgabe 53, M\u00e4rz 2022<\/a><\/p>\n<h3>2017\/18<\/h3>\n<p>Roman Blum dirigiert das erste Konzert mit der <span class=\"sb\">Sinfonia Baden<\/span> \u2013 und macht neugierig.<br \/>\n<em><a class=\"pdfLink link\" href=\"https:\/\/sinfonia-baden.ch\/wp-content\/uploads\/2016\/09\/AZ_Badener_Tagblatt_21_Nov_2017.pdf\">Sinfonia Baden: der neue Dirigent stellt sich vor\/ Aargauer Zeitung \/ Badener Tagblatt, 21. 11. 2017<\/a><\/em><\/p>\n<h3>2016\/17<\/h3>\n<p>Es war bewundernswert, wie pr\u00e4zis das von Felicitas Gadient engagiert geleitete Laienorchester diese spieltechnischen T\u00fccken meisterte.<br \/>\n<em><a class=\"pdfLink link\" href=\"https:\/\/sinfonia-baden.ch\/wp-content\/uploads\/2016\/09\/AZ_Badener_Tagblatt_20_Maerz_2017.pdf\">Russische Rarit\u00e4ten in der Stadtkirche \/ Aargauer Zeitung \/ Badener Tagblatt 20.3.2017<\/a><\/em><\/p>\n<p>Fein, dass sich die Hochstimmung des ersten dann auf den zweiten Teil \u00fcbertr\u00e4gt. Auch da gibt es viel Sch\u00f6nes zu entdecken, insbesondere bei der t\u00e4nzerisch motivierten, \u00fcberzeugenden Interpretation.<br \/>\n<em><a class=\"pdfLink link\" href=\"https:\/\/sinfonia-baden.ch\/wp-content\/uploads\/2017\/01\/AZ_Badener_Tagblatt_15_Nov_2016.pdf\">Die Marimba kann sogar singen \/ Aargauer Zeitung \/ Badener Tagblatt 15.11.2016<\/a><\/em><\/p>\n<h3>2015\/16<\/h3>\n<p>\u00ab<span class=\"sb\">Sinfonia Baden<\/span>\u00bb begl\u00fcckte in Vo\u0159\u00ed\u0161eks viers\u00e4tziger Sinfonie mit spannenden Steigerungen und plastisch umgesetzten Kontrasten.<br \/>\n<em><a class=\"pdfLink link\" href=\"https:\/\/sinfonia-baden.ch\/data\/documents\/AZ_Kritik_sinfonia_Juni_2016.pdf\" target=\"_blank\" rel=\"noopener noreferrer\">Jungtalente zeigten ihr K\u00f6nnen<\/a><a class=\" link\" href=\"https:\/\/sinfonia-baden.ch\/data\/documents\/AZ_Kritik_sinfonia_Juni_2016.pdf\"> \/ Aargauer Zeitung \/ Badener Tagblatt, 14.6.2016<\/a><\/em><\/p>\n<p>Der wunderbar durchsichtigen Musik des damals zwanzigj\u00e4hrigen Fr\u00fchromantikers entlockte das sorgf\u00e4ltig vorbereitete Orchester einen ganz auf Kantabilit\u00e4t ausgerichteten Klang, der aber auch Spielfreudigkeit zum Ausdruck brachte.<br \/>\n<em><a class=\"pdfLink link\" href=\"https:\/\/sinfonia-baden.ch\/wp-content\/uploads\/2016\/10\/Kritik_Marz_2016.pdf\"> Fr\u00fche Meisterschaft als Thema \/ Aargauer Zeitung \/ Badener Tagblatt, 14.3.2016<\/a><\/em><\/p>\n<p>Behutsam nahm das Orchester die traurigen Weisen auf, teilweise in einer Art Zwiesprache mit dem Solisten, dem die sparsame Orchestrierung viel Raum liess.<br \/>\n<em><a class=\"pdfLink link\" href=\"https:\/\/sinfonia-baden.ch\/data\/documents\/sinfonia_baden_Michael_Luginbuhl_2015.pdf\">Michael Michitaro Luginb\u00fchl begeisterte in der Trafohalle mit Sinfonia Baden \/ Aargauer Zeitung 17.11.15<\/a><\/em><\/p>\n<p>Der Wettinger Cellist Michael Michitaro Luginb\u00fchl studiert in Wien. F\u00fcr ein Konzert mit der <span class=\"sb\">Sinfonia Baden<\/span> kehrt er in dieser Woche in seine Heimat zur\u00fcck. \u2192<em><a class=\"link\" href=\"http:\/\/www.aargauerzeitung.ch\/aargau\/baden\/ein-wettinger-cellist-macht-in-wien-von-sich-reden-129715113\" target=\"_blank\" rel=\"noopener noreferrer\"><span class=\" link\">Ein Wettinger Cellist macht in Wien von sich reden \/ Aargauer Zeitung 8.11.15<\/span><\/a><\/em><\/p>\n<h3>2014\/15<\/h3>\n<p>Mit der Wahl der grossartigen Solistin Kathrin L\u00fcthi hat die <span class=\"sb\">Sinfonia Baden<\/span> einmal mehr bewiesen, dass es sich lohnt, Solisten aus der Region zu engagieren, um mit ihnen so gl\u00e4nzende Konzertideen wie die \u00abLiebeserkl\u00e4rung\u00bb genussreich umzusetzen. \u2192<em><a class=\"link\" href=\"http:\/\/www.aargauerzeitung.ch\/aargau\/baden\/ein-bezaubernder-liebesliederreigen-in-der-stadtkirche-128916296\" target=\"_blank\" rel=\"noopener noreferrer\">Aargauer Zeitung, M\u00e4rz 2015<\/a><\/em><\/p>\n<p>Die Schumanns sind das Highlight an der Taufe der <span class=\"sb\">Sinfonia Baden<\/span>. Die verj\u00fcngte Orchestergesellschaft heisst neu <span class=\"sb\">Sinfonia Baden<\/span> und stellt sich mit einem Festkonzert im Trafo vor. \u2192<em><a class=\"link\" href=\"http:\/\/www.aargauerzeitung.ch\/aargau\/baden\/die-schumanns-sind-das-highlight-an-der-taufe-der-sinfonia-baden-128543747\" target=\"_blank\" rel=\"noopener noreferrer\">Aargauer Zeitung, 10. November 2014<\/a><\/em><\/p>\n<p>Schon heute bietet die <span class=\"sb\">Sinfonia Baden<\/span> jungen Musikern Gelegenheit f\u00fcr wertvolle Konzerterfahrungen. Zur Saisoner\u00f6ffnung unter neuem Namen konnte Sinfonia Baden das aufstrebende Schumann-Quartett gewinnen. <em>\u2192<a class=\"link\" href=\"http:\/\/www.srf.ch\/news\/regional\/aargau-solothurn\/sinfonia-baden-mit-schumann-schumann\" target=\"_blank\" rel=\"noopener noreferrer\">SRF Regionaljournal AG\/SO: Sinfonia Baden mit neuem Namen und Konzertzyklus, 8.11.2014 (Audio 3:07 min)<\/a><\/em><\/p>\n<p>Die Orchestergesellschaft Baden erlebt zurzeit einen Schub junger Orchestermitglieder, nun tr\u00e4gt sie auch einen neuen, frisch klingenden Namen:\u00a0<span class=\"sb\">Sinfonia Baden<\/span> <em>Aargauer Zeitung, 3.November 2014<\/em><\/p>\n<h3>2013\/14<\/h3>\n<p>Unter der Leitung von Felicitas Gadient \u00fcberrascht die Orchestergesellschaft nach wie vor: Zum ersten Mal in der bald 200-j\u00e4hrigen Geschichte wird ein Programm ausschliesslich mit lateinamerikanischer Musik gestaltet. <em>Aargauer Zeitung, 21. Juni 2014<\/em><\/p>\n<p>Der Star des Abends ist der Solist des Tonhalle Orchesters Z\u00fcrich, Isaac Duarte. Mit seiner Oboe verzaubert der aus Brasilien stammende Musiker das Publikum. <em>Aargauer Zeitung, 23. Juni 2014<\/em><\/p>\n<p>Metaphorisch punktgenau getroffen, intonierte das zur H\u00f6chstform auflaufende Orchester sogleich in die Tiefe reissende Glissandi.<em> Aargauer Zeitung, M\u00e4rz 2014<\/em><\/p>\n<p>Die Dirigentin Felicitas Gadient f\u00fchrte die schweizerische Erstauff\u00fchrung der Sinfonie Nr. 1 in c-Moll von Alice Mary Smith und brachte das Orchester zu einer energiegeladenen Auff\u00fchrung. <em>Aargauer Zeitung, Juni\u00a0 2013<\/em><\/p>\n<p>Ein Luftkuss f\u00fcr die Violinistin in der Trafohalle. Technische Perfektion,\u00a0insbesondere die Solisten hatten es dem Publikum angetan: G\u00e9rard Wyss (Klavier) und Sonja Jungblut (Violine) spielten bei Felix Mendelssohns Konzert in d-Moll solistisch&#8230;.<br \/>\n&#8230;die professionelle und energiegeladene Ausf\u00fchrung des Orchesters trugen ihren Teil dazu bei, dass das St\u00fcck mit Begeisterung aufgenommen wurde. <em>Aargauer Zeitung, 18. Nov. 2013<\/em><\/p>\n<h3>2012<\/h3>\n<p>Orchestergesellschaft setzt auf starke Frauen. &#8230;. Der Klangk\u00f6rper ist ausgewogen und voll, die Musikerinnen und Musiker sind mit ganzer Leidenschaft dabei.<em> Aargauer Zeitung, 6. November 2012<\/em><\/p>\n<p>Orchestergesellschaft stach mit charmantem Trumpf.\u00a0&#8230; Die ganz starken Momente erlebte die Orchestergesellschaft im Zusammenspiel mit dem charmanten Lenzburger Cellisten Daniel Schaerer. <em>Aargauer Zeitung, 11. Juni 2012<\/em><\/p>\n<p>Glanzvolles Konzert der Orchestergesellschaft in der Stadtkirche. \u2026Dank dem Mut der Dirigentin Felicitas Gadient zu Ungew\u00f6hnlichem, ihrem Engagement und dem grossen Einsatz des Orchesters wurde das Konzert zu einem aussergew\u00f6hnlichen Erlebnis. <em>Aargauer Zeitung, 5. M\u00e4rz 2012<\/em><\/p>\n<p>Originelle Rarit\u00e4ten. &#8230;. Die Leitung und Verantwortung dieses \u00fcberaus\u00a0originellen Abends hat einmal mehr Felicitas Gadient.<br \/>\n<em>Aargauer Zeitung, 1. M\u00e4rz 2012, Vorschau<\/em><\/p>\n<h3>2004 \u2013 2011<\/h3>\n<p>\u00abDiese Musik macht einen Film erst lebendig\u00bb\u2026\u00a0Taschent\u00fccher in Griffn\u00e4he. <em>Aargauer Zeitung, 10. Nov. 2011<\/em><\/p>\n<p>Das ein Jahrhundert umspannende Programm h\u00e4tte nicht abwechslungsreicher sein k\u00f6nnen. Trotz anspruchsvollen Passagen in heiklen Flageoletteins\u00e4tzen und flinken Pizzicatofiguren \u00fcberforderte es das Orchester, das nicht aus Berufsmusikern besteht, keineswegs. <em>Aargauer Zeitung, 21. M\u00e4rz 2011<\/em><\/p>\n<p>Dass Blut wallt und nicht denkt, bewies dann das Orchester mit der Tessiner Geigerin Daria Zappa als Gastsolistin. In Ravels Konzertrhapsodie \u00abTzigane\u00bb entsteht ein Geysir von Kombinations- und auch scharfen Spannungsm\u00f6glichkeiten zwischen Geige und Orchester. <em>Aargauer Zeitung, 15. Juni 2009<\/em><\/p>\n<p>Da wurde pr\u00e4sent und differenziert gespielt, beherzt musiziert eben. Da formte das Orchester Schuberts \u00abUnvollendete\u00bb zu grossen B\u00f6gen und lebte Brahms\u2019 Ungarische T\u00e4nze mit dem n\u00f6tigen Elan. <em>AZ-Tabloid \/ MLZ, 16. Juni 2008<\/em><\/p>\n<p>Operamor \u2013 con sentimento:\u00a0 Orchestergesellschaft und Kammerchor Baden spannten zusammen f\u00fcr ihr Konzert im Zelt \u2013 ein Highlight\u2026Badenfahrt 2007<\/p>\n<p>Schweizerisch und unkonventionell im Trafo. Mittelland Zeitung, 16. November 2005<\/p>\n<p>Magische Musicals verzaubern das Publikum. Mittelland Zeitung, 9. November 2004<\/p>\n<p>&nbsp;<\/p>\n","protected":false},"excerpt":{"rendered":"<p>Unser Echo in der Presse 2023\/24 Eine Liebeserkl\u00e4rung an Skandinavien Die Sinfonia Baden stellt die Saison 2023\/24 unter das Motto &#8222;Scandinavia&#8220;. Der Auftakt im Kurtheater war eine runde Sache. Konzertbetrachtung Badener Tagblatt 14.11.2023 2021\/22 Ein Violinkonzert f\u00fcr die Badener: Geigerin <a class=\"more-link\" href=\"https:\/\/sinfonia-baden.ch\/?page_id=168\">weiterlesen&#8230;<\/a><\/p>\n","protected":false},"author":9,"featured_media":0,"parent":0,"menu_order":0,"comment_status":"closed","ping_status":"closed","template":"","meta":{"footnotes":""},"class_list":["post-168","page","type-page","status-publish","hentry"],"_links":{"self":[{"href":"https:\/\/sinfonia-baden.ch\/index.php?rest_route=\/wp\/v2\/pages\/168","targetHints":{"allow":["GET"]}}],"collection":[{"href":"https:\/\/sinfonia-baden.ch\/index.php?rest_route=\/wp\/v2\/pages"}],"about":[{"href":"https:\/\/sinfonia-baden.ch\/index.php?rest_route=\/wp\/v2\/types\/page"}],"author":[{"embeddable":true,"href":"https:\/\/sinfonia-baden.ch\/index.php?rest_route=\/wp\/v2\/users\/9"}],"replies":[{"embeddable":true,"href":"https:\/\/sinfonia-baden.ch\/index.php?rest_route=%2Fwp%2Fv2%2Fcomments&post=168"}],"version-history":[{"count":35,"href":"https:\/\/sinfonia-baden.ch\/index.php?rest_route=\/wp\/v2\/pages\/168\/revisions"}],"predecessor-version":[{"id":2959,"href":"https:\/\/sinfonia-baden.ch\/index.php?rest_route=\/wp\/v2\/pages\/168\/revisions\/2959"}],"wp:attachment":[{"href":"https:\/\/sinfonia-baden.ch\/index.php?rest_route=%2Fwp%2Fv2%2Fmedia&parent=168"}],"curies":[{"name":"wp","href":"https:\/\/api.w.org\/{rel}","templated":true}]}}