{"id":1899,"date":"2022-08-01T16:28:59","date_gmt":"2022-08-01T14:28:59","guid":{"rendered":"https:\/\/sinfonia-baden.ch\/?page_id=1899"},"modified":"2026-01-15T18:42:06","modified_gmt":"2026-01-15T17:42:06","slug":"tickets","status":"publish","type":"page","link":"https:\/\/sinfonia-baden.ch\/?page_id=1899","title":{"rendered":"Tickets"},"content":{"rendered":"<h4>Eintrittspreise<\/h4>\n<p>Konzerte in der Trafohalle\u00a0\u00a0\u00a0\u00a0\u00a0\u00a0\u00a0\u00a0\u00a0\u00a0\u00a0\u00a0\u00a0\u00a0\u00a0\u00a0\u00a0\u00a0\u00a0\u00a0\u00a0\u00a0\u00a0\u00a0\u00a0\u00a0\u00a0\u00a0 Fr. 40.\u2013 \/ Fr. 35.\u2013 \/ Fr. 30.\u2013<br \/>\nKonzerte im Kurtheater\u00a0 \u00a0 \u00a0 \u00a0 \u00a0 \u00a0 \u00a0 \u00a0 \u00a0 \u00a0 \u00a0 \u00a0 \u00a0 \u00a0 \u00a0 \u00a0\u00a0 Fr. 40.\u2013 \/ Fr. 35.\u2013<br \/>\nKonzerte in der Stadtkirche\u00a0\u00a0\u00a0\u00a0\u00a0\u00a0\u00a0\u00a0\u00a0\u00a0\u00a0\u00a0\u00a0\u00a0\u00a0\u00a0\u00a0\u00a0\u00a0\u00a0\u00a0\u00a0\u00a0\u00a0\u00a0\u00a0 Fr. 40.\u2013 \/ Fr. 35.\u2013 \/ Fr. 30.\u2013<\/p>\n<p>Kinder bis 12 Jahre in Begleitung Erwachsener gratis.<br \/>\nSch\u00fcler und Studierende erhalten mit Legi eine Verg\u00fcnstigung von Fr. 10.\u2013.<\/p>\n<p><strong>Spezial zur Jubil\u00e4umssaison<\/strong>: Erwerben sie die Festschrift anl\u00e4sslich 200 Jahre Sinfonia Baden an einem unserer Konzerte und erfahren Sie Spannendes \u00fcber die Sinfonia damals und heute.<\/p>\n<h4>VVK &amp; Abendkasse<\/h4>\n<p>Die Abendkasse \u00f6ffnet eine Stunde vor Konzertbeginn.<\/p>\n<p>Bitte benutzen Sie bevorzugt den <a href=\"https:\/\/sinfonia-baden.ch\/?page_id=46\">Vorverkauf<\/a> mit freier Platzwahl.<\/p>\n<p>Sie haben auch die M\u00f6glichkeit, ein <a href=\"https:\/\/sinfonia-baden.ch\/?page_id=1889\">Abonnement <\/a>zu erwerben. Dadurch profitieren sie von garantierten Bestpl\u00e4tzen und sparen zus\u00e4tzlich gegen\u00fcber den regul\u00e4ren Eintritten.<\/p>\n","protected":false},"excerpt":{"rendered":"<p>Eintrittspreise Konzerte in der Trafohalle\u00a0\u00a0\u00a0\u00a0\u00a0\u00a0\u00a0\u00a0\u00a0\u00a0\u00a0\u00a0\u00a0\u00a0\u00a0\u00a0\u00a0\u00a0\u00a0\u00a0\u00a0\u00a0\u00a0\u00a0\u00a0\u00a0\u00a0\u00a0 Fr. 40.\u2013 \/ Fr. 35.\u2013 \/ Fr. 30.\u2013 Konzerte im Kurtheater\u00a0 \u00a0 \u00a0 \u00a0 \u00a0 \u00a0 \u00a0 \u00a0 \u00a0 \u00a0 \u00a0 \u00a0 \u00a0 \u00a0 \u00a0 \u00a0\u00a0 Fr. 40.\u2013 \/ Fr. 35.\u2013 Konzerte in der Stadtkirche\u00a0\u00a0\u00a0\u00a0\u00a0\u00a0\u00a0\u00a0\u00a0\u00a0\u00a0\u00a0\u00a0\u00a0\u00a0\u00a0\u00a0\u00a0\u00a0\u00a0\u00a0\u00a0\u00a0\u00a0\u00a0\u00a0 <a class=\"more-link\" href=\"https:\/\/sinfonia-baden.ch\/?page_id=1899\">weiterlesen&#8230;<\/a><\/p>\n","protected":false},"author":9,"featured_media":0,"parent":0,"menu_order":0,"comment_status":"closed","ping_status":"closed","template":"","meta":{"footnotes":""},"class_list":["post-1899","page","type-page","status-publish","hentry"],"_links":{"self":[{"href":"https:\/\/sinfonia-baden.ch\/index.php?rest_route=\/wp\/v2\/pages\/1899","targetHints":{"allow":["GET"]}}],"collection":[{"href":"https:\/\/sinfonia-baden.ch\/index.php?rest_route=\/wp\/v2\/pages"}],"about":[{"href":"https:\/\/sinfonia-baden.ch\/index.php?rest_route=\/wp\/v2\/types\/page"}],"author":[{"embeddable":true,"href":"https:\/\/sinfonia-baden.ch\/index.php?rest_route=\/wp\/v2\/users\/9"}],"replies":[{"embeddable":true,"href":"https:\/\/sinfonia-baden.ch\/index.php?rest_route=%2Fwp%2Fv2%2Fcomments&post=1899"}],"version-history":[{"count":12,"href":"https:\/\/sinfonia-baden.ch\/index.php?rest_route=\/wp\/v2\/pages\/1899\/revisions"}],"predecessor-version":[{"id":3321,"href":"https:\/\/sinfonia-baden.ch\/index.php?rest_route=\/wp\/v2\/pages\/1899\/revisions\/3321"}],"wp:attachment":[{"href":"https:\/\/sinfonia-baden.ch\/index.php?rest_route=%2Fwp%2Fv2%2Fmedia&parent=1899"}],"curies":[{"name":"wp","href":"https:\/\/api.w.org\/{rel}","templated":true}]}}