{"id":478,"date":"2016-10-01T21:06:16","date_gmt":"2016-10-01T19:06:16","guid":{"rendered":"http:\/\/sinfonia-baden.ch\/?page_id=478"},"modified":"2025-08-24T13:36:01","modified_gmt":"2025-08-24T11:36:01","slug":"newsletter","status":"publish","type":"page","link":"https:\/\/sinfonia-baden.ch\/?page_id=478","title":{"rendered":"Newsletter"},"content":{"rendered":"<p>&nbsp;<\/p>\n<p>s<strong>INFO<\/strong>nia, der Newsletter der Sinfonia Baden, erscheint dreimal j\u00e4hrlich, jeweils kurz vor den Konzerten.<\/p>\n<ul>\n<li><a href=\"https:\/\/sinfonia-baden.ch\/?mailpoet_router&amp;endpoint=view_in_browser&amp;action=view&amp;data=WzIwLCIxNzBmZGEyODM2NjUiLDAsMCwwLDFd\">s<strong>INFO<\/strong>nia #21, M\u00e4rz 2025<\/a><\/li>\n<li><a href=\"https:\/\/sinfonia-baden.ch\/?mailpoet_router&amp;endpoint=view_in_browser&amp;action=view&amp;data=WzE5LCI2YjU3MzhiYzAwYTkiLDAsMCwxNiwxXQ\">s<strong>INFO<\/strong>nia #20, November 2024<\/a><\/li>\n<li><a href=\"https:\/\/sinfonia-baden.ch\/?mailpoet_router&amp;endpoint=view_in_browser&amp;action=view&amp;data=WzE3LCI4NzMwNjg0ZmM4YjEiLDAsMCwxNSwxXQ\">s<strong>INFO<\/strong>nia #19, Juni 2024<\/a><\/li>\n<li><a href=\"https:\/\/sinfonia-baden.ch\/?mailpoet_router&amp;endpoint=view_in_browser&amp;action=view&amp;data=WzE1LCI5NWI5YjZjOWNjYTMiLDAsMCwxMywxXQ\">s<strong>INFO<\/strong>nia #18, M\u00e4rz 2024<\/a><\/li>\n<li><a href=\"https:\/\/sinfonia-baden.ch\/?mailpoet_router&amp;endpoint=view_in_browser&amp;action=view&amp;data=WzE0LCI2MjBhMTZjYWQwZTAiLDAsMCwxMiwxXQ\">s<strong>INFO<\/strong>nia #17, November 2023<\/a><\/li>\n<li><a href=\"https:\/\/sinfonia-baden.ch\/?mailpoet_router&amp;endpoint=view_in_browser&amp;action=view&amp;data=WzEzLCI5NDE1YTk0ODcwYzAiLDAsMCwxMCwxXQ\">s<strong>INFO<\/strong>nia #16, Juni 2023<\/a><\/li>\n<li><a href=\"https:\/\/sinfonia-baden.ch\/?mailpoet_router&amp;endpoint=view_in_browser&amp;action=view&amp;data=WzEyLCJkZTQzZDlmZTVmOGQiLDAsMCw5LDFd\">s<strong>INFO<\/strong>nia #15, M\u00e4rz 2023<\/a><\/li>\n<li><a href=\"https:\/\/sinfonia-baden.ch\/?mailpoet_router&amp;endpoint=view_in_browser&amp;action=view&amp;data=WzExLCI4YzYzM2FmYWUzMjIiLDAsMCw4LDFd\">s<strong>INFO<\/strong>nia #14, November 2022<\/a><\/li>\n<li><a href=\"https:\/\/sinfonia-baden.ch\/?mailpoet_router&amp;endpoint=view_in_browser&amp;action=view&amp;data=WzEwLCJmZmQyNjdiZGVkMGEiLDAsMCw3LDFd\">s<strong>INFO<\/strong>nia #13, Juni 2022<\/a><\/li>\n<li><a href=\"https:\/\/sinfonia-baden.ch\/?mailpoet_router&amp;endpoint=view_in_browser&amp;action=view&amp;data=WzksImZjZDFjNDBjZmIzYSIsMCwwLDAsMV0\">s<strong>INFO<\/strong>nia #12, M\u00e4rz 2022<\/a><\/li>\n<li><a href=\"https:\/\/sinfonia-baden.ch\/?mailpoet_router&amp;endpoint=view_in_browser&amp;action=view&amp;data=WzgsIjQ2ZWVkNjA1MGFmOSIsMCwwLDAsMV0\">s<strong>INFO<\/strong>nia #11, Oktober 2021<\/a><\/li>\n<li><a href=\"https:\/\/sinfonia-baden.ch\/?mailpoet_router&amp;endpoint=view_in_browser&amp;action=view&amp;data=WzMsIjc4Y2MwMWE4MWUzYiIsMSwiZjdjNmMzIiwwLDFd\">s<strong>INFO<\/strong>nia #10, November 2019<\/a><\/li>\n<\/ul>\n","protected":false},"excerpt":{"rendered":"<p>&nbsp; sINFOnia, der Newsletter der Sinfonia Baden, erscheint dreimal j\u00e4hrlich, jeweils kurz vor den Konzerten. sINFOnia #21, M\u00e4rz 2025 sINFOnia #20, November 2024 sINFOnia #19, Juni 2024 sINFOnia #18, M\u00e4rz 2024 sINFOnia #17, November 2023 sINFOnia #16, Juni 2023 sINFOnia <a class=\"more-link\" href=\"https:\/\/sinfonia-baden.ch\/?page_id=478\">weiterlesen&#8230;<\/a><\/p>\n","protected":false},"author":9,"featured_media":0,"parent":185,"menu_order":0,"comment_status":"closed","ping_status":"closed","template":"","meta":{"footnotes":""},"class_list":["post-478","page","type-page","status-publish","hentry"],"_links":{"self":[{"href":"https:\/\/sinfonia-baden.ch\/index.php?rest_route=\/wp\/v2\/pages\/478","targetHints":{"allow":["GET"]}}],"collection":[{"href":"https:\/\/sinfonia-baden.ch\/index.php?rest_route=\/wp\/v2\/pages"}],"about":[{"href":"https:\/\/sinfonia-baden.ch\/index.php?rest_route=\/wp\/v2\/types\/page"}],"author":[{"embeddable":true,"href":"https:\/\/sinfonia-baden.ch\/index.php?rest_route=\/wp\/v2\/users\/9"}],"replies":[{"embeddable":true,"href":"https:\/\/sinfonia-baden.ch\/index.php?rest_route=%2Fwp%2Fv2%2Fcomments&post=478"}],"version-history":[{"count":42,"href":"https:\/\/sinfonia-baden.ch\/index.php?rest_route=\/wp\/v2\/pages\/478\/revisions"}],"predecessor-version":[{"id":3247,"href":"https:\/\/sinfonia-baden.ch\/index.php?rest_route=\/wp\/v2\/pages\/478\/revisions\/3247"}],"up":[{"embeddable":true,"href":"https:\/\/sinfonia-baden.ch\/index.php?rest_route=\/wp\/v2\/pages\/185"}],"wp:attachment":[{"href":"https:\/\/sinfonia-baden.ch\/index.php?rest_route=%2Fwp%2Fv2%2Fmedia&parent=478"}],"curies":[{"name":"wp","href":"https:\/\/api.w.org\/{rel}","templated":true}]}}